r) + 3*z(r). Give q(14).
-5
Let t(d) = 5*d**2 + 2*d - 2. Let m(h) = 4*h**2 + 1. Let g(i) = 3*m(i) + t(i). Calculate g(-1).
16
Let m(f) = 3*f + 5. Let c = -90 - -81. What is m(c)?
-22
Let j(c) = c - 3. Let r be (-88)/(-28)*(-14)/(-2). Suppose -4*i = 1 - 21, -2*n + 2*i = -r. Let h = -21 + n. Calculate j(h).
-8
Let q be -6*(-2)/12 + (-8 - -3). Let m(c) = -c**3 - 4*c**2 - 3*c + 2. Determine m(q).
14
Suppose -4*w = 4*a - 5*w + 1, -3*w + 3 = -a. Suppose a = 5*y + 7 + 8. Let l be (-1 + y)*(-4)/(-16). Let v(u) = 7*u**3 + u**2 - u - 1. Determine v(l).
-6
Let a(t) be the first derivative of -t**4/4 + 2*t**2 + 3*t - 2422. Suppose 4*h = i - 5, 2*h - 7*h - 16 = 2*i. What is a(h)?
3
Let h be (15/60)/((-3)/(-84)). Let w(z) = z**3 - 6*z**2 - 5*z + 2. What is w(h)?
16
Suppose 0 = -5*s - 608 + 583. Let i(j) = -6*j - 17. Let a(o) = -3*o - 8. Let h(r) = 13*a(r) - 6*i(r). Give h(s).
13
Let n(z) = -5*z**2 + 6*z**2 - 4*z + 5 + 15 - 29. What is n(7)?
12
Let b be (6/24)/(2/8). Let l(t) = -t - 4. Let f(z) = 5. Let d(j) = 5*f(j) + 6*l(j). Calculate d(b).
-5
Let r(l) = 7*l + 2 + 0*l - 6*l. Suppose -5*c - 5 = 10. Let p be ((-8)/c)/(-2)*-3. What is r(p)?
6
Let a be 7/(14/45)*2. Let l be ((-4)/6)/(10/a). Let r(q) = q**3 + 3*q**2 + q - 1. Determine r(l).
-4
Let y(l) = 8*l + 1. Let p = 320 + -319. What is y(p)?
9
Let i = -366 - -370. Let v(o) = o**2 - 5*o - 2. Calculate v(i).
-6
Suppose -a - 18 = x - 5, -5*x - 3*a = 59. Let y(m) = -m**2 - 11*m - 2. Give y(x).
8
Let r(y) = -y**3 + 17*y**2 + 17*y + 11. Let l be (-12)/(1 - (-40)/(-24)). Determine r(l).
-7
Let g(o) = o**3 + 13*o**2 - 2*o + 8. Let j be (-5733)/147*2/6. What is g(j)?
34
Let x be (-11)/(-33) + 4/6. Let u(h) = x - h**2 + 4*h**3 - 5*h**3 + 7*h**2. Calculate u(6).
1
Let j(i) = 3 + 2 - 94*i + 4 + 90*i. Determine j(2).
1
Let f(i) = i**3 + 3*i**2 - 1. Let l be f(-2). Let m(n) = 2*n + 0*n - 3*n + l. Let o = 1307 + -1312. What is m(o)?
8
Let h(l) = 11*l**3 + 59*l**2 + 45*l - 57. Let n(i) = -7*i**3 - 39*i**2 - 30*i + 38. Let w(m) = -5*h(m) - 8*n(m). Give w(-16).
-3
Let j(k) = -k**2 - 2*k + 1. Suppose -4*d + 6 = -50. Let x = -18 + d. What is j(x)?
-7
Let a(q) = -q**3 + 6*q**2 - 5*q + 1. Suppose 151 - 31 = 4*r. Suppose 0 = 2*j + j - r. Let n = j - 5. Determine a(n).
1
Suppose 6*j - 3*w - 6 = 5*j, 0 = -5*j + w - 12. Let n(p) = 11*p + 7. Let y(c) = 17*c + 11. Let u(z) = 8*n(z) - 5*y(z). Determine u(j).
-8
Let j(c) be the third derivative of -c**4/8 - c**3/2 - 331*c**2. What is j(-2)?
3
Let s(i) be the third derivative of 7*i**5/60 + 21*i**2. Calculate s(-2).
28
Suppose 6*s + 168 = 34*s. Let a(u) = -u**2 + 3*u + 5. Give a(s).
-13
Suppose -t = -10 + 12. Let q be 5/(-5)*(t + 2). Let v(m) = q + 3*m - 8*m - 3. Give v(-3).
12
Suppose 3*d - 11 = -8*d. Let m be ((-10)/d)/(-2 - (-2 - -2)). Let h(f) = -5*f + 4. What is h(m)?
-21
Let p = 610 + -605. Let n(f) = -f**3 + 4*f**2 + 5*f + 3. Calculate n(p).
3
Let c(m) = -m**3 - m**2 + 2*m - 4. Suppose 3*b - 198 = -3*b. Suppose -6*o = -15 + b. What is c(o)?
8
Let r(m) = -m**3 - 5*m**2 - 3*m + 3. Suppose 9 + 12 = 4*g - 5*a, -4*a + 8 = 3*g. Suppose -l - g = -2*i, -2*l = -i + 1 + 7. Determine r(l).
-1
Let u(x) = -x**2 + 5*x - 2. Suppose -3*n - v = -4, 12 = -n - 3*v - 0*v. Suppose 4*s + 0*s = -3*h + 9, n*s = -h + 3. Give u(h).
4
Suppose 4*z + 52 = 52. Let g(v) = v**3 + v**2 + 1. Give g(z).
1
Let h(q) = -3*q**2 - 68*q - 39. Let b be h(-22). Let k(z) = z + 2. Determine k(b).
7
Let h(t) be the second derivative of -t**6/24 - t**4/24 - t**3/6 + 11*t**2 + 3*t. Let j(c) be the first derivative of h(c). Give j(-1).
5
Let q be 1408/(-77) + (-4)/(-14). Let w = -16 - q. Let a(g) = 2*g + g**2 - 2*g + w*g**2. What is a(2)?
12
Let w(q) be the third derivative of 0*q + 0 + 0*q**3 + 1/12*q**4 - 2*q**2. What is w(1)?
2
Let c(b) = -b**2 + 7*b + 1. Let y be c(5). Let s(m) = 10 - y*m + 13*m - 10*m - m**2 + 0*m**2. Calculate s(-8).
10
Let n(j) be the second derivative of -j**5/20 - 7*j**4/12 + j**3/6 + 5*j**2/2 + j. Let g(v) = -v + 16. Let b be g(23). Give n(b).
-2
Suppose 5*c - 4*h - 1 - 3 = 0, -c - 3*h - 3 = 0. Let a(x) = -x**2 + x + 1. Let v be a(c). Let j(w) = 2*w**3 + w**2 - w + 1. Give j(v).
3
Let g(s) = 2*s**3 + s**2 - 2*s + 1. Let y(h) = -h. Let p be y(-2). Suppose p*a - 5 = -51. Let n = a + 24. Calculate g(n).
2
Let v(o) = 3*o**3 - 8*o - 7*o**2 + 280 - 285 - 4*o**3. Give v(-5).
-15
Let u = -26 + 30. Suppose 5*c - u = -3*n, -3*c - 2*c = -10. Let b(z) = 2*z**3 + 3*z**2 - 1. Give b(n).
-5
Let k(q) = q**3 - 2*q**2 - 3*q + 8. Let g be k(0). Let o(n) = n**3 - 8*n**2 + n. What is o(g)?
8
Let r(o) = o + 1 - 3*o + 6*o. What is r(-2)?
-7
Let d be ((-4)/(-60))/((-22)/(-165)). Let c(q) be the third derivative of d*q**3 + 0 + 7*q**2 + 0*q + 1/24*q**4. Calculate c(-6).
-3
Let z(v) = v**3 - 2*v**2 - 2*v + 1. Suppose -8 = -0*s - 4*s. Let h be z(s). Let n(y) = y**2 + y - 1. Give n(h).
5
Suppose -c + 6 = -4*h - 19, -c - 20 = 5*h. Let v(m) = 4*m**2 + m**2 + 0*m**3 - m**3 + 4. Give v(c).
4
Suppose -2*k - 4*m - 53 = -23, 4*k - 2*m = -40. Let h(q) = -2*q**2 - 22*q - 8. Calculate h(k).
-8
Let j(o) = -2*o**2 + 3*o**2 + o**3 - 7*o**2 + 3 - o + 0*o**3. Let d be (-12)/2*((-21)/7 - -2). Determine j(d).
-3
Let x = 5 + -3. Let h = x - -2. Let j(o) = 2*o**2 - h*o + 4 + 0 - 3*o - o**2. Determine j(5).
-6
Let i(o) = -o - 1. Let n(v) be the second derivative of -v**5/20 - v**4/12 - v**3/3 - 3*v**2/2 - 39*v. Let h(b) = 5*i(b) - n(b). Give h(-2).
0
Let y(m) = 2*m + 2*m**2 + 2*m**3 - 3 - 6*m**3 + 2 + 3*m**3. Suppose -23 - 13 = -3*h. Suppose -h = -b + 2*d, 5 + 5 = -2*d. Determine y(b).
3
Let m(d) = -1 + 3*d + 8 + 5 + d - 6. What is m(-2)?
-2
Let c(s) = -s**2 + 8*s + 1. Let j be c(7). Let i(r) = 0 + 5*r**2 - 6*r**2 - 2 + j*r. Suppose -2 + 8 = o. What is i(o)?
10
Let k(l) be the second derivative of -l**4/6 + 3*l**3/2 - 9*l**2/2 - 14*l. Let m(q) = 3*q**2 - 13*q + 14. Let w(b) = 8*k(b) + 5*m(b). What is w(5)?
8
Let t = 186 + -186. Let c(k) be the third derivative of k**5/60 - k**4/24 + k**3 - k**2. Calculate c(t).
6
Let h(r) = 2 + 8*r + 17*r - 24*r. Determine h(7).
9
Suppose -3*o = t - 12, 3*t + 28 - 8 = 5*o. Suppose -o*h = -0*h - 160. Let d(u) = 4*u + 0*u + 41*u**3 - h*u**3 + 6*u**2. Calculate d(-5).
5
Let v(t) = t**3 - 5*t**2 - 2*t. Let g = 16 - 12. Suppose -u = g*w - 25, -w + 42 = 5*u + 12. Calculate v(w).
-10
Let m(b) = -7*b**3 + 4*b**2 + 3*b + 1. Let k(o) = -26*o - 53. Let w be k(-2). Calculate m(w).
9
Let h(k) = 4*k + 140. Let z be h(-34). Let j(u) = u**3 - 4*u**2 - 3*u + 3. What is j(z)?
-9
Let k(m) be the third derivative of -m**6/120 + 3*m**5/20 - 3*m**4/8 - m**3/3 + 84*m**2 - 2. What is k(8)?
-10
Suppose -4*m + 3*a - a + 24 = 0, -m = -3*a - 6. Suppose 5*h = 14 + m. Let l(u) = -h - 4*u + 5*u + 2. Determine l(4).
2
Let r(i) = i**2 - 10*i - 12. Let l = -254 + 267. What is r(l)?
27
Let t(h) = -h**3 - 2*h**2 - h. Let l(q) = 2*q**3 + 5*q**2 + 3*q. Let u(g) = -2*l(g) - 5*t(g). Determine u(1).
0
Let u(h) = -3 - 1 + 9 + 2*h. Let d be (0 + (-34)/(-6))*-3. Let r = 12 + d. Determine u(r).
-5
Let k(c) = c. Let m(o) = o**2 + 7*o + 7. Let z(y) = 2*k(y) - m(y). Suppose -47*i = -46*i - 72. Suppose -29*x = -17*x + i. Give z(x).
-13
Let d(j) = 0 - 2*j**3 - j**2 - j**2 - 2 + j**2 - 4*j + j**3. Give d(-3).
28
Let l(n) = n**3 + 4*n**2 - 5. Let k be (-2)/10 - 1/(45/216). What is l(k)?
-30
Let d(h) = 16*h - 3. Let c(i) = 304*i - 56. Let f(k) = 3*c(k) - 56*d(k). Suppose 0 = 3*l + 4*s + 9, 7*l - 11*l + s + 7 = 0. What is f(l)?
16
Let h(t) be the third derivative of 3*t**4/4 + t**3/2 + 72*t**2 + 3*t. What is h(-3)?
-51
Let d(a) = -a**3 + 2*a + a - 1 - 3*a**2 - 1. Suppose 134*w - 99*w = -140. Determine d(w).
2
Let c(r) = 2*r**2 + 3*r - 1. Let g(z) = 5*z**2 + 8*z - 3. Let q(a) = 8*c(a) - 3*g(a). Let b = 61 + -63. Determine q(b).
5
Let n = 735 - 739. Let l(i) = i**3 + 2*i**2 - i + 2. Determine l(n).
-26
Suppose -5*b = 5*s - 45, 16 = 35*b - 31*b. Let o(a) = -2*a**2 + a - 6. Determine o(s).
-51
Let k(z) = z - 11. Let m be (31 + -33)/((-2)/(-3)). Determine k(m).
-14
Suppose 5*n + 9 - 53 = -2*y, -4*n = y - 34. Let i(q) = n - 9 - q**2 + 7 + q**3. What is i(0)?
6
Let r = 45 + -40. Suppose 2*d = -r + 13. Let v(o) = -o**2 + 3*o + 5. Give v(d).
1
Suppose 11*m - 13*m + 4*d = -32, 2*m = -5*d - 13. Let i(k) = 2*k - 13. Give i(m).
-1
Suppose s + 3 - 4 = -c, -36 = -4*s + 4*c. Sup